
True
Does 7 divide 1699?
False
Does 16 divide 7059?
False
Is 1441 a multiple of 5?
False
Does 23 divide 1817?
True
Is 1360 a multiple of 80?
True
Is 646 a multiple of 38?
True
Is 67677 a multiple of 12?
False
Does 3 divide 960?
True
Is 3 a factor of 226?
False
Does 16 divide 1136?
True
Is 38155 a multiple of 65?
True
Is 2582 a multiple of 15?
False
Does 49 divide 300?
False
Is 351 a multiple of 13?
True
Does 4 divide 384?
True
Is 1611 a multiple of 6?
False
Is 7468 a multiple of 19?
False
Is 54 a factor of 102762?
True
Is 14558 a multiple of 29?
True
Is 10296 a multiple of 52?
True
Does 6 divide 78?
True
Does 12 divide 6322?
False
Does 77 divide 3003?
True
Does 153 divide 14688?
True
Is 2013 a multiple of 160?
False
Does 74 divide 518?
True
Does 8 divide 2368?
True
Is 12 a factor of 53208?
True
Is 34 a factor of 578?
True
Is 28 a factor of 392?
True
Does 47 divide 411?
False
Does 5 divide 580?
True
Is 2682 a multiple of 83?
False
Is 7 a factor of 114?
False
Does 5 divide 4437?
False
Is 14 a factor of 51716?
True
Is 31 a factor of 73?
False
Is 19 a factor of 851?
False
Is 5670 a multiple of 10?
True
Does 51 divide 5327?
False
Does 7 divide 917?
True
Is 65 a factor of 95485?
True
Does 12 divide 2559?
False
Is 1145 a multiple of 14?
False
Is 5628 a multiple of 14?
True
Does 69 divide 7176?
True
Does 12 divide 1980?
True
Does 27 divide 37273?
False
Is 726 a multiple of 6?
True
Is 41 a factor of 8897?
True
Is 23 a factor of 8745?
False
Is 2865 a multiple of 15?
True
Is 4492 a multiple of 62?
False
Does 76 divide 80773?
False
Is 3 a multiple of 3?
True
Is 28 a factor of 865?
False
Does 17 divide 19499?
True
Is 43695 a multiple of 7?
False
Is 89 a factor of 783?
False
Is 26639 a multiple of 136?
False
Is 2302 a multiple of 7?
False
Is 7 a factor of 863?
False
Is 112796 a multiple of 39?
False
Is 2686 a multiple of 28?
False
Is 610 a multiple of 27?
False
Does 3 divide 74?
False
Does 26 divide 213?
False
Does 18 divide 72?
True
Does 3 divide 117?
True
Is 21 a factor of 1620?
False
Is 184 a multiple of 15?
False
Is 38 a factor of 5392?
False
Is 16 a factor of 208?
True
Is 4 a factor of 446?
False
Is 4872 a multiple of 58?
True
Is 15 a factor of 4535?
False
Does 6 divide 2878?
False
Does 44 divide 99?
False
Is 201 a factor of 12184?
False
Is 38 a factor of 178563?
False
Does 12 divide 727?
False
Does 20 divide 1460?
True
Is 11 a factor of 806?
False
Is 14 a factor of 2254?
True
Does 8 divide 344?
True
Is 1305 a multiple of 5?
True
Does 17 divide 19987?
False
Does 419 divide 145302?
False
Does 12 divide 4516?
False
Does 177 divide 18054?
True
Is 24 a factor of 3069?
False
Is 8968 a multiple of 20?
False
Is 21203 a multiple of 13?
True
Does 2 divide 37?
False
Is 448 a multiple of 7?
True
Is 11 a factor of 7084?
True
Does 3 divide 65?
False
Is 113 a factor of 12769?
True
Does 38 divide 1187?
False
Does 110 divide 3041?
False
Does 28 divide 2504?
False
Is 2 a factor of 151?
False
Is 1590 a multiple of 5?
True
Does 14 divide 32141?
False
Is 163 a factor of 7172?
True
Is 1872 a multiple of 16?
True
Does 20 divide 14780?
True
Is 113 a factor of 687?
False
Is 52532 a multiple of 92?
True
Is 24736 a multiple of 4?
True
Does 77 divide 2284?
False
Is 525 a multiple of 21?
True
Is 27288 a multiple of 24?
True
Is 6 a factor of 966?
True
Is 2105 a multiple of 9?
False
Is 16 a factor of 9376?
True
Does 5 divide 85?
True
Is 3 a factor of 104?
False
Is 13161 a multiple of 68?
False
Does 28 divide 392?
True
Is 12 a factor of 15891?
False
Is 48 a factor of 1835?
False
Is 5189 a multiple of 30?
False
Is 34226 a multiple of 112?
False
Is 27 a factor of 7371?
True
Is 12 a factor of 12492?
True
Does 22 divide 520?
False
Is 12 a factor of 156?
True
Is 591 a multiple of 2?
False
Does 14 divide 81918?
False
Is 16 a factor of 4384?
True
Is 44 a factor of 3080?
True
Is 245 a multiple of 49?
True
Is 13 a factor of 1274?
True
Is 154994 a multiple of 14?
True
Does 13 divide 52?
True
Does 33 divide 131?
False
Is 1888 a multiple of 8?
True
Does 6 divide 4123?
False
Is 5505 a multiple of 32?
False
Is 15 a factor of 660?
True
Is 964 a multiple of 48?
False
Is 26 a factor of 338?
True
Is 1752 a multiple of 4?
True
Is 21 a factor of 882?
True
Is 2116 a multiple of 12?
False
Does 14 divide 18228?
True
Is 49 a factor of 10915?
False
Is 30268 a multiple of 7?
True
Is 49 a factor of 38975?
False
Is 12246 a multiple of 13?
True
Is 625 a multiple of 5?
True
Does 32 divide 9248?
True
Is 1273 a multiple of 10?
False
Does 19 divide 1020?
False
Does 10 divide 230?
True
Does 9 divide 2661?
False
Is 11821 a multiple of 75?
False
Is 13 a factor of 234?
True
Is 12 a factor of 26016?
True
Does 5 divide 780?
True
Does 86 divide 689?
False
Is 2646 a multiple of 49?
True
Is 6 a factor of 954?
True
Does 13 divide 566?
False
Does 93 divide 11811?
True
Is 9060 a multiple of 12?
True
Does 130 divide 16880?
False
Is 6477 a multiple of 22?
False
Is 94 a factor of 39104?
True
Does 65 divide 104144?
False
Does 45 divide 90?
True
Is 183 a factor of 8106?
False
Does 34 divide 70390?
False
Does 14 divide 3766?
True
Is 23 a factor of 23046?
True
Is 414 a multiple of 43?
False
Does 4 divide 945?
False
Is 6005 a multiple of 65?
False
Is 18 a factor of 1584?
True
Is 29 a factor of 667?
True
Is 87 a multiple of 13?
False
Does 25 divide 15000?
True
Is 24648 a multiple of 84?
False
Is 115 a factor of 13976?
False
Is 3719 a multiple of 41?
False
Is 40 a factor of 480?
True
Does 8 divide 896?
True
Is 49 a factor of 294?
True
Is 23 a factor of 5684?
False
Is 19 a factor of 5852?
True
Is 550 a multiple of 83?
False
Does 162 divide 8586?
True
Does 12 divide 444?
True
Does 61 divide 21533?
True
Does 5 divide 250?
True
Is 12729 a multiple of 88?
False
Is 68 a factor of 41767?
False
Does 19 divide 1224?
False
Is 7 a factor of 3908?
False
Does 21 divide 651?
True
Does 17 divide 1785?
True
Is 382 a multiple of 21?
False
Is 24 a factor of 16560?
True
Is 55 a factor of 77?
False
Does 27 divide 1172?
False
Is 49 a factor of 11553?
False
Does 24 divide 551?
False
Does 27 divide 162?
True
Is 155 a factor of 18910?
True
Is 7815 a multiple of 85?
False
Is 30 a factor of 7197?
False
Does 29 divide 13485?
True
Is 12 a factor of 12552?
True
Is 54 a factor of 72306?
True
Is 13 a factor of 10955?
False
Is 137 a multiple of 2?
False
Is 116 a factor of 558?
False
Does 423 divide 85058?
False
Is 15 a factor of 1575?
True
Is 51 a factor of 11232?
False
Is 7579 a multiple of 53?
True
Does 12 divide 9600?
True
Is 13 a factor of 7139?
False
Is 2368 a multiple of 16?
True
Is 10 a factor of 2154?
False
Is 60638 a multiple of 26?
False
Is 31 a factor of 310?
True
Is 1696 a multiple of 55?
False
Is 70838 a multiple of 118?
False
Does 10 divide 40?
True
Is 9794 a multiple of 58?
False
Is 65340 a multiple of 12?
True
Is 44 a factor of 440?
True
Is 8926 a multiple of 163?
False
Is 25 a factor of 13933?
False
Is 28683 a multiple of 153?
False
Does 6 divide 9384?
True
Is 13 a factor of 965?
False
Is 4750 a multiple of 25?
True
Is 73 a factor of 73073?
True
Does 25 divide 5400?
True
Is 19 a factor of 223?
False
Does 14 divide 512?
False
Is 3024 a multiple of 36?
True
Is 5 a factor of 5042?
False
Is 8025 a multiple of 20?
False
Is 12922 a multiple of 182?
True
Is 27 a factor of 2372?
False
Is 26 a factor of 8130?
False
Is 7 a factor of 16982?
True
Is 12 a multiple of 6?
True
Does 8 divide 15904?
True
Does 57 divide 9693?
False
Does 38 divide 4826?
True
Is 1790 a multiple of 53?
False
Is 8 a factor of 5392?
True
Does 23 divide 18216?
True
Does 50 divide 490?
False
Does 18 divide 216?
True
Does 20 divide 443?
False
Does 7 divide 8393?
True
Does 2 divide 627?
False
Is 85 a factor of 2795?
False
Is 72956 a multiple of 25?
False
Is 13838 a multiple of 3?
False
Is 1564 a multiple of 26?
False
Is 43831 a multiple of 53?
True
Does 163 divide 34067?
True
Does 49 divide 770?
False
Does 14 divide 21308?
True
Does 35 divide 10535?
True
Does 45 divide 7335?
True
Does 2 divide 3639?
False
Is 728 a multiple of 26?
True
Is 113 a factor of 12753?
False
Is 48 a multiple of 15?
False
Is 3008 a multiple of 16?
True
Is 2467 a multiple of 67?
False
Is 14 a factor of 765?
False
Is 18 a factor of 23652?
True
Is 10 a factor of 425?
False
Is 1215 a multiple of 9?
True
Is 100 a factor